et p(k) = 2*k**2 - k - 2. What is the tens digit of p(q)?
7
Let i = -14 + -1. Let c(o) = -4*o**3 - 21 + 26*o**2 + o**3 + 4*o**3 - 10*o**2 + 11*o. What is the tens digit of c(i)?
3
Let r(k) = 7*k**3 - 10*k**2 + 9*k - 3. Let t(a) = a**3 - a**2 + a - 1. Let j(i) = r(i) - 6*t(i). What is the units digit of j(4)?
5
Let a(w) = w**2 + 3*w - 19. Suppose 0 = -5*t + 16*t + 121. What is the tens digit of a(t)?
6
Suppose -3*w + 0*h + 342 = 3*h, 0 = w + 5*h - 130. What is the tens digit of w?
1
Let d(f) = f**3 + f**2 + 16. Let y be d(0). Let r = y - 93. Let j = r + 121. What is the units digit of j?
4
Let t(m) = -m**3 - 2*m**2 + m + 528. Let d be t(0). Suppose -3*p - 2*l = p - d, 0 = 4*p - 4*l - 552. What is the tens digit of p?
3
Let d(n) = 484*n**3 + n**2 + 11*n - 16. What is the hundreds digit of d(2)?
8
Let g(b) = 9*b + 0*b + 8 + 1 - 49. What is the tens digit of g(15)?
9
Suppose 4*p = -q + 6*p - 1, 4*q + 4*p = -4. Let d = 5 + q. Suppose 95 = d*o + r, -4*o - o + 3*r = -140. What is the units digit of o?
5
Suppose -27*p + 29*p - 2080 = 0. What is the units digit of p?
0
Suppose -137 + 677 = 4*f. Suppose -f + 33 = -2*h. What is the tens digit of h?
5
Let l = -5 + 7. Suppose -l*d - 36 = d. Let g = d + 27. What is the units digit of g?
5
What is the thousands digit of -9 - -4 - 15232/(-7)?
2
Let q(s) = 36*s + 123. What is the hundreds digit of q(3)?
2
Let f(g) = g**2 - 4*g + 4. Let r be f(4). Suppose -3 = -4*m - t, 5*t - 12 - 3 = -r*m. Suppose m*d = 2*d - 48. What is the units digit of d?
4
Let j = -21 + 256. Let c = j - 150. What is the tens digit of c?
8
Let t = 799 - 567. What is the tens digit of t?
3
Let p = -11 - -22. Let f = p + -8. Suppose 2 = f*d - 94. What is the units digit of d?
2
Let u(i) = -i**3 - 20*i**2 - 18*i + 28. Let f be u(-19). Let z = f + -7. Suppose 2*v = -k + z*k + 92, 2*v - 92 = -k. What is the units digit of v?
6
Suppose 10*g + 10 = 5*g. What is the units digit of 38 + -8*(-1)/g?
4
Let p be (-15)/(-10) + (-21)/2. Let w be (p/(-3))/(-3)*0. Suppose w = 6*y + 16 - 64. What is the units digit of y?
8
Let f(w) = -w**3 - 16*w**2 - 15*w + 49. What is the units digit of f(-16)?
9
Let f(r) = -348*r + 17. What is the tens digit of f(-5)?
5
Suppose -9 + 34 = 5*p. Suppose -p*n = -9*n + 12. Let a = n - -12. What is the units digit of a?
5
Suppose o + 2*o = -9. Let d be o + 15/6*4. What is the tens digit of (d/(-21))/(2/(-138))?
2
Suppose -569 = -n + 4*o + 207, 5*n - 3*o = 3931. What is the tens digit of n?
8
Let n = 3111 + -929. What is the hundreds digit of n?
1
What is the hundreds digit of 804/72 + -11 + (-701)/(-6)?
1
Let m(d) be the second derivative of 95*d**4/12 - 19*d**3/6 - d**2/2 - 6*d - 3. What is the units digit of m(2)?
1
Suppose -5*i = 10, -3*h + 2*h = 4*i - 2639. What is the units digit of h?
7
Let x = 1972 + -975. What is the hundreds digit of x?
9
Suppose 5*b + 3*q - 32 + 3 = 0, 2*b - 4*q = -4. Suppose -b*w - 3*m = -2*w - 92, -3*w = -m - 160. Let o = -18 + w. What is the tens digit of o?
3
Suppose 5*r + o + 89 = 0, -o + 5*o = -5*r - 101. Let n = 3 - r. Let z = n + -19. What is the units digit of z?
1
Suppose 8*j - 10*j = -10. Suppose -12 = -5*f - 4*y, -j*y + 3 = -f + 17. Suppose -o + 36 - 2 = -f*q, 30 = o - 2*q. What is the units digit of o?
6
Suppose 6*y = 8*y + 3*h - 79, 3*y - 5*h = 128. What is the units digit of y?
1
Suppose -4*p = -3*u + 3 - 39, 4*p = u + 28. Suppose -p*f - 476 = -10*f. Let q = f - 72. What is the units digit of q?
7
Let v be (-18)/(-1 - 2) - 2. Let a(m) = -7*m**2 + m + 12. Let c(p) = -4*p**2 + p + 6. Let y(g) = -3*a(g) + 5*c(g). What is the units digit of y(v)?
8
Suppose 2*f - 2 = -2*w, 8*f - 9 = -5*w + 7*f. Suppose 8 = 2*s, -3*b + w*b = 2*s - 13. What is the tens digit of 70/4 - b/10?
1
Let o = -1366 - -1858. What is the units digit of o?
2
Let s = -22 + 24. Suppose -3*z = 4*p - 5*z + 6, 5*z = -s*p - 21. Let a(m) = -m + 8. What is the tens digit of a(p)?
1
Suppose -2*k - 8 = 0, -i + 2*k - 5*k = -82. What is the tens digit of i?
9
Let t(u) = 34*u - 8. Let p be t(2). Suppose -53 - p = -z. What is the units digit of z?
3
Let d = -138 + 518. What is the hundreds digit of d?
3
What is the thousands digit of (665112/672)/(2/8)?
3
Let a = -57 + 88. Suppose 34*j + 18 = a*j. What is the tens digit of 12 + j*4/(-12)?
1
Let d be 15/(3/(-1))*(-2 + 1). Suppose 0 = d*v + t + t - 696, 147 = v + 3*t. What is the hundreds digit of v?
1
Let t(b) = -2*b + 4. Let z be t(-1). Suppose 5*q + 3*n = 1239, 4*q - z*q = -4*n - 506. What is the units digit of q?
9
Let w = -128 + 128. Suppose w = -16*t + 12*t + 392. What is the units digit of t?
8
Let p = 5 + -3. Suppose -p*j = j. Suppose j = 4*n + 2*y - 2, -5*n + y + 5 = 3*y. What is the units digit of n?
3
Let q(n) be the first derivative of n**4/4 + 7*n**3/3 - n**2/2 + 3*n + 1. Let d be q(-7). Suppose -4*v = -d + 6. What is the units digit of v?
1
Suppose 5*q - 10 = 15. Suppose 3*r - 3*y + 2*y = q, -25 = 5*y. Suppose 0 = l - r*l - 14. What is the tens digit of l?
1
Suppose -b + 5*k - 14 = 0, 0 = -2*b - 2*k - 4 - 0. Let o be 25 + (b - -1 - -1). Let p = -11 + o. What is the tens digit of p?
1
Suppose -5*s = -2 - 23. Suppose 0 = -4*h - 0 - 4, -2*h + 3 = -s*o. What is the units digit of o*(3 - 77 - -3)?
1
Suppose -v + 3*y = -714, 5*v - 2*y = 699 + 2819. What is the tens digit of v?
0
Let n be (63/77 - (-4)/22) + -146. Let k = n - -315. What is the hundreds digit of k?
1
Suppose -p + 5*h - 15 = 0, 5*p = -h + 6 - 3. Suppose 2*r - 14 - 8 = p. What is the tens digit of r?
1
Let n be 5*-1*(-24)/30. Suppose n*d - 42 = -5*v, 0*v - 54 = -5*v + 2*d. What is the units digit of (-2)/v + (-108)/(-15)?
7
Suppose 15 = 6*k - k. Suppose 0*u - 9 = -k*u. What is the tens digit of 43 + u*1/1?
4
Suppose 5*n - 14236 = 4*i, i + 19000 = 5*n + 4761. What is the hundreds digit of n?
8
Let y(q) = q**3 + q**2 + q + 32. Let x be y(0). Suppose 0 = 7*a - 3*a - x. Suppose -3*l - 4 = -4*g + 15, -a = 2*g + 2*l. What is the units digit of g?
1
Let g = -439 + 901. What is the tens digit of g?
6
Let n(y) = 38*y**3 + 3*y**2 + y + 4. Let v be n(3). Let t(g) = -2*g**2 + 5*g - 3. Let q be t(3). What is the units digit of v/35 + q/21?
0
Suppose 3*q = -3*g + 33, -g = 4*q - 2*g - 34. Let t = -15 + q. What is the units digit of (-38)/(-10) + t/(-30)?
4
Suppose 0*u - 5112 = -4*n - 4*u, 4*n - 2*u - 5118 = 0. What is the hundreds digit of n?
2
Suppose 3*m - 4*m - y = 58, -3*m - 168 = y. Let b = m - -26. Let d = b - -40. What is the tens digit of d?
1
Let m = -3 + 6. Let w = 7 + -5. Suppose -3*k = 0, 2*q - w*k - 8 = m*k. What is the units digit of q?
4
Suppose -1 = 3*n - 4*l + 2, -n - 1 = 2*l. Let j be 0 - (-39)/(2 - n). Let u = -6 + j. What is the units digit of u?
7
Let k(p) = p**3 - 6*p**2 - 6*p - 6. What is the units digit of k(10)?
4
Let l be (57/38)/((-3)/(-8)). Suppose -l*r - 3*z + 8*z = -19, -z - 29 = -5*r. What is the units digit of r?
6
Suppose 4*u = -3*k - 15, -7*k + 4*u = -6*k - 11. Let w(g) = -131*g + 3. What is the units digit of w(k)?
4
Suppose 5*a - 4*p - 1846 = 0, 4*a - 3*p - 2*p - 1484 = 0. Suppose 3*x - 5*n - a = 0, -2*x - n + 0*n + 244 = 0. What is the units digit of x?
2
Suppose 3*y = -4*q + 32, 0*q - 3*y + 8 = q. What is the units digit of 112 + 3/(12/q)?
4
Suppose -22*l + 32238 = -6130. What is the units digit of l?
4
Let w = -3 + 7. Suppose w*y + 4*m - 244 = 0, -5*m - 7 + 88 = y. Suppose 3*a = 7*a - y. What is the tens digit of a?
1
Suppose -7*w + 22836 = 15*w. What is the thousands digit of w?
1
Let c = 1356 + -963. What is the tens digit of c?
9
Let r(l) = -l**3 - 3*l**2 + 5*l + 3. Let x be r(-4). Let d = -22 + 49. Let w = d - x. What is the units digit of w?
8
Suppose 0 = -o - 8*h + 12*h + 676, 3*o = -5*h + 2011. What is the units digit of o?
2
Suppose 11*x - 6860 = 4*x. What is the hundreds digit of x?
9
Suppose -s + 13 = 3*r, -2*s = 3*s - 4*r - 103. Suppose 24*t = s*t + 815. What is the hundreds digit of t?
1
Let i be (-1)/(-2) - (-136)/16. Let k(o) = 3*o + 18. What is the units digit of k(i)?
5
What is the units digit of (2/(-8))/((-324423)/(-27036) - 12)?
1
Let s be ((-20)/6)/((-2)/(-6)). Suppose 2*y = 7 + 17. Let l = y + s. What is the units digit of l?
2
Suppose -84 - 45 = -2*g - s, -2*s - 190 = -3*g. Let m be ((-1)/2)/(1/78). Let h = g + m. What is the tens digit of h?
2
Let o = -352 + 1270. 